what is 21 + 11001010211122?
11001010211220
In base 4, what is 1113303 - -112200?
1232103
In base 6, what is 1422 - -10220042?
10221504
In base 16, what is -17 - -52025?
5200e
In base 16, what is 0 - -25fa50?
25fa50
In base 10, what is -1741604 - 85?
-1741689
In base 5, what is -1331223103 - -1100?
-1331222003
In base 7, what is 633 + -436223?
-435260
In base 6, what is -1314241205 - 2?
-1314241211
In base 16, what is c3452f + -2?
c3452d
In base 8, what is -1 - -5540777?
5540776
In base 15, what is 0 + 10bc14d?
10bc14d
In base 2, what is -10101001100100 - 111100?
-10101010100000
In base 7, what is -555200 - -22166?
-533001
In base 3, what is 11011 + 1100122101002?
1100122112020
In base 11, what is 23a04231 - -10?
23a04241
In base 5, what is -132224124 + -33?
-132224212
In base 3, what is -122111021 + 1220120?
-120120201
In base 3, what is -20122212121 + -121110?
-20200111001
In base 10, what is 155 - -51251?
51406
In base 4, what is -2 + 2103323213131?
2103323213123
In base 8, what is 164125 - -2012?
166137
In base 15, what is -4934c9 - 3d?
-493517
In base 12, what is -34993 + 841?
-34152
In base 15, what is 1 + 304de?
304e0
In base 12, what is 77 - 2ba34a?
-2ba293
In base 8, what is -5 + 34131131?
34131124
In base 6, what is -44221002 - 15?
-44221021
In base 14, what is 3 - 3736b2?
-3736ad
In base 8, what is 4 + 2605334521?
2605334525
In base 16, what is -67f6b + 7b?
-67ef0
In base 16, what is -5 + 74856e?
748569
In base 9, what is 43435 - -858?
44404
In base 9, what is -524253 - 38?
-524302
In base 12, what is -2 - -a53b94?
a53b92
In base 7, what is 4 - 415255260?
-415255253
In base 9, what is 1 - -25461871?
25461872
In base 3, what is -22 - -2012001210010?
2012001202211
In base 14, what is -1d7025 + 9?
-1d701a
In base 16, what is -e8 - -1a6b?
1983
In base 2, what is 1110100 + 100000101001100001?
100000101011010101
In base 16, what is cc65 + -63?
cc02
In base 15, what is 29a8c8 - 5a?
29a86d
In base 5, what is 4 - 13033444440?
-13033444431
In base 8, what is -117134755 + 3?
-117134752
In base 3, what is -12 + 2002020121122122?
2002020121122110
In base 7, what is 140660664 + 12?
140661006
In base 8, what is 3572 + -320742?
-315150
In base 4, what is 212 - 201101110?
-201100232
In base 8, what is 117344 + 33122?
152466
In base 4, what is -211120 - 30222?
-302002
In base 8, what is -4121 + -771454?
-775575
In base 10, what is 3800 + 577?
4377
In base 5, what is -10 - 14321433032?
-14321433042
In base 5, what is -10 + 1342332441?
1342332431
In base 14, what is 9 + -1202ba7?
-1202b9c
In base 16, what is -349e4 - -ce?
-34916
In base 7, what is 3110004 + 111?
3110115
In base 4, what is 1 - -100103013322012?
100103013322013
In base 7, what is -310 + -53436524?
-53440134
In base 4, what is -12210102110 - 21?
-12210102131
In base 10, what is -217422 + 342?
-217080
In base 11, what is 68 + 566a22?
566a8a
In base 2, what is 11 + 11110011100010011000?
11110011100010011011
In base 10, what is -2653872 - 5?
-2653877
In base 15, what is 20c + -b812e?
-b7e22
In base 16, what is -1552 + 7f2?
-d60
In base 13, what is 962 + 8aa?
153c
In base 9, what is -201177 + 511?
-200566
In base 13, what is 2 - -bc07919?
bc0791b
In base 7, what is 0 - -23224266?
23224266
In base 11, what is 16a0 + 173a65?
175655
In base 14, what is 2072 - 1c8?
1c88
In base 12, what is 3518 + -5847?
-232b
In base 10, what is 2848812 + 7?
2848819
In base 11, what is -278687 + -128?
-278804
In base 7, what is 12212 + 1140301?
1152513
In base 10, what is 10 - -462063?
462073
In base 10, what is -156 + -149931?
-150087
In base 15, what is -ae23 + b8?
-ad5a
In base 8, what is 101 - -111147?
111250
In base 4, what is 221132113032132 + 2?
221132113032200
In base 15, what is -1289 - -6d1?
-aa8
In base 10, what is -3437 + -1?
-3438
In base 13, what is 112 + -61902?
-617c0
In base 10, what is -38938 - -6561?
-32377
In base 4, what is -13223113100 + -11?
-13223113111
In base 9, what is -5672 + 301?
-5371
In base 2, what is -111001010 + -1111101001100101?
-1111110000101111
In base 9, what is -24322 - -4572?
-18640
In base 8, what is -1163 + -57334?
-60517
In base 13, what is -752 + 12714?
11c92
In base 11, what is -84 + 5441874?
54417a0
In base 11, what is -2 - -99a1790?
99a1789
In base 7, what is 12461614 - -224?
12462141
In base 2, what is 11100 + -1100111001111000?
-1100111001011100
In base 4, what is -1320211302101 - -13?
-1320211302022
In base 12, what is -651185 + 7?
-65117a
In base 14, what is 5 + -17565651?
-1756564a
In base 12, what is 0 + -58389?
-58389
In base 6, what is 1 - -3541554125?
3541554130
In base 13, what is b881 + -156?
b728
In base 11, what is 78 + -224042?
-223a75
In base 15, what is -284 - -12465?
121d1
In base 7, what is -13112131 + -16?
-13112150
In base 2, what is -1011000101010011001100 + 1110001?
-1011000101010001011011
In base 10, what is 30 - 13956241?
-13956211
In base 14, what is da41 + 65?
daa6
In base 14, what is 1283d9 - 0?
1283d9
In base 7, what is 4 - -534226404?
534226411
In base 2, what is 1 - 111110011101000101111?
-111110011101000101110
In base 11, what is -43519 - -80?
-43449
In base 3, what is 11110012 + -12012210?
-202121
In base 13, what is -8b + -1a678?
-1a736
In base 13, what is b3 - b67446?
-b67363
In base 8, what is -10742110 + -150?
-10742260
In base 12, what is 367229b5 + -3?
367229b2
In base 12, what is 210 - -35341?
35551
In base 13, what is -104 - -2bc6?
2ac2
In base 10, what is -7950112 - -8?
-7950104
In base 11, what is -37a310 + a?
-37a301
In base 7, what is -44320 + -15161?
-62511
In base 11, what is 685 - 97080?
-964a6
In base 9, what is -16 + 332436108?
332436082
In base 12, what is -4783b8 - 16?
-478412
In base 2, what is 101100101100001110011100110 + 100?
101100101100001110011101010
In base 5, what is -22 - -22040441241?
22040441214
In base 5, what is 301020221311 + 3?
301020221314
In base 10, what is -2532607 + 3?
-2532604
In base 10, what is -261762 + 1821?
-259941
In base 12, what is -19 + -1979024?
-1979041
In base 16, what is a8 + -130bfe?
-130b56
In base 5, what is -2002214443 + 31?
-2002214412
In base 5, what is -4 + -10444032100?
-10444032104
In base 3, what is 22122010012211001 + 0?
22122010012211001
In base 14, what is 51 + -2b27b?
-2b22a
In base 8, what is -10 - 24755447?
-24755457
In base 3, what is -11022101 + -2101201?
-20201002
In base 8, what is -2 + 14774111?
14774107
In base 11, what is 8011737 + -1?
8011736
In base 6, what is 11415101514 - 2?
11415101512
In base 3, what is 1001121222 + -200210?
1000221012
In base 5, what is 2333204301431 - -2?
2333204301433
In base 6, what is -1344 + -14433450?
-14435234
In base 8, what is 76 - -11231362?
11231460
In base 5, what is 1143223 - -144021?
1342244
In base 3, what is -11110010101 - -10111?
-11102222220
In base 6, what is -200 + -150502434?
-150503034
In base 6, what is 4 + -221552354?
-221552350
In base 3, what is -100220000202 - -100112?
-100212200020
In base 9, what is -154 - -77754?
77600
In base 3, what is 1010210210200101 + -12?
1010210210200012
In base 11, what is -27 + 98026?
97aaa
In base 6, what is 1434 + -152222?
-150344
In base 7, what is 23 + 50534135?
50534161
In base 9, what is -3260 + -201067?
-204337
In base 8, what is -467120 + -32?
-467152
In base 10, what is 8 - 954322?
-954314
In base 5, what is -401304 - 2321?
-404130
In base 10, what is -21170 - 129?
-21299
In base 3, what is 120002 + -212022110?
-211202101
In base 15, what is -1 - 13397d?
-13397e
In base 2, what is -1010000100001001 + -101000011010?
-1010101100100011
In base 9, what is -12130 - 55724?
-67854
In base 5, what is -113020 + -122?
-113142
In base 14, what is 2757a56 + 1?
2757a57
In base 4, what is 3 - -22300200131110?
22300200131113
In base 2, what is -1010010 + -10011111011111110?
-10011111101010000
In base 15, what is 3 + 21003e?
210042
In base 4, what is -1022 + 22233230130?
22233223102
In base 14, what is -bb12c8a - -3?
-bb12c87
In base 16, what is 57f6a - -19?
57f83
In base 14, what is 7c29d + 3a?
7c2d9
In base 12, what is -48 - -2b6591?
2b6545
In base 3, what is -220120000110 - -1122?
-220112221211
In base 7, what is 613603 - 2641?
610632
In base 16, what is -f702e82 - 5?
-f702e87
In base 9, what is -7 + -316200374?
-316200382
In base 15, what is 47e - 28d24?
-28895
In base 12, what 